 -n + 5*j = -19, 3*j + v = 3*n - 2*n. Suppose -n*l + 0 = -4. What is the units digit of l?
1
What is the hundreds digit of (-483)/(-4) + 3/24*-6?
1
Let u(k) = -5*k + 2. Let a be u(3). Let b = 2 - a. What is the units digit of b?
5
Suppose 5*p - 2 = 8. Suppose p*g = 4*g - 4. What is the units digit of (g + 4)*(-2)/(-6)?
2
Suppose 3*l - 3*v = -v + 24, -35 = -2*l - 5*v. Let o = 26 + l. Suppose 4*b - b = o. What is the tens digit of b?
1
Suppose 4*j - 363 - 641 = 4*g, 0 = g - 3. What is the hundreds digit of j?
2
Let c be (0 + 1 + -5)/(-2). Suppose 8*t - 3*t - 12 = -4*k, k = -c*t + 3. Suppose 0 = y + k*v + 3, 2*y - 4*v + 7*v = 6. What is the units digit of y?
9
Suppose 2*a - 18 = a + 3*d, 3*a - 3*d = 24. Let l = 2 + 1. Suppose a*k - l + 0 = 0. What is the units digit of k?
1
Suppose -2*t = 3*t - 320. What is the tens digit of t?
6
Let h = -1 + 3. Suppose 0 = 6*a - 4*a - 4*j - 38, -h*a + 5*j + 43 = 0. What is the units digit of a?
9
Let d(z) = 3 + 2*z - 4*z + 3*z. Let u be d(0). Suppose 0 = u*q - 3*h + 9, -2*h = q + h - 17. What is the units digit of q?
2
Suppose -f - 3*d = -27, -3*f - d = -4*d - 21. What is the units digit of f?
2
Let i be 14*3/(-6 - -3). Suppose -y - 10 = 5*n - 3*n, y = -3*n - 10. Let c = y - i. What is the units digit of c?
4
Let z = 50 - -125. What is the tens digit of z?
7
Let m(h) = h**2 + 5*h - 4. Let t be m(-6). Suppose 2*d = 5*q + 7*d - 30, -4*q + t*d = -12. What is the tens digit of (-32)/(-3) + q/(-6)?
1
Let n(z) be the first derivative of z**5/20 - z**4/2 - 5*z**3/6 - 7*z**2/2 - z + 2. Let v(r) be the first derivative of n(r). What is the units digit of v(7)?
7
Suppose -8*u = -402 - 670. What is the hundreds digit of u?
1
Let w = -8 + 11. Suppose -2*f - 91 = -2*b - w*b, -3*b + 47 = -5*f. Let k = -8 + b. What is the units digit of k?
1
Let b(d) = -7*d - 1. Let s = 3 + -6. Let z be s - 2/(-2) - -1. What is the units digit of b(z)?
6
Suppose 0 = f + 2*f - 18. Let k = f + -7. What is the units digit of (k*2 - -2) + 2?
2
Let o = -3 - -12. Let v = o + -4. Suppose 0 = -v*c - 4*x - 15, c + 4*x = -0*x - 19. What is the units digit of c?
1
Let a(m) = -m**3 - 3*m**2 + m - 4. Let k(r) = r**3 + 2*r**2 - r + 5. Let v(j) = -3*a(j) - 2*k(j). What is the units digit of v(-5)?
7
What is the units digit of (8/(-12))/(4/(-54))?
9
Let l(b) = -b**3 + 7*b**2 - 2*b + 4. What is the units digit of l(6)?
8
Let s(l) be the first derivative of l**3/3 - 5*l**2/2 + 3. What is the units digit of s(6)?
6
Let t be 7/(-2 + -3 + 4). What is the units digit of (t/(-2))/(4/8)?
7
Let w(o) = -o. Let s be w(-1). Suppose 0 = -g + s + 5. What is the units digit of g?
6
Let s be ((-12)/15)/(1/(-5)). Suppose -2*m - y = 3*m + 15, -s*y - 9 = 3*m. What is the units digit of (m + 4/2)*-7?
7
Let i = 8 + -3. Suppose i*h + m - 262 = 0, 5*h = 2*m - 4*m + 264. What is the tens digit of h?
5
Suppose 0*q - 4*q + 36 = 0. Let r(p) = p - 12. Let s be r(q). What is the tens digit of -1 - (2 + s - 13)?
1
Let p = 14 + -11. Let v be (10/6)/(1/18). Suppose -3*f = -2*m - v, -2*f - 2*m = p*m - 1. What is the units digit of f?
8
Suppose -4*h + 38 = -10. What is the units digit of h?
2
Suppose 7*c = -0*c + 574. What is the units digit of c?
2
What is the units digit of 641/9 + (-6)/27?
1
Suppose -i + 4 = -24. Let r(j) = -j + 5. Let n be r(0). Suppose n*l - l - 6 = 2*d, -i = -4*d - 2*l. What is the units digit of d?
5
Suppose -7 = p + 4*w, 5*w = -4*p + 7 + 9. What is the units digit of p?
9
Suppose -5*y - 20 = 0, -5*c = 2*y - 92 - 70. Suppose 0 = -2*j - 0*j + 4, -2*j = 5*k - c. What is the units digit of k?
6
Let r(q) be the first derivative of -q**3/3 - q**2/2 + 2*q + 4. What is the units digit of r(0)?
2
Suppose 4*c - 111 - 29 = 0. What is the units digit of c?
5
Suppose l = r + 1, 10 = 3*l - 0*r + 4*r. Suppose 4*b - 168 = -5*s, -5*s + 94 = -l*s - b. What is the units digit of s?
2
Let s = -1 + 1. Suppose s = -0*q - 5*q + 60. What is the tens digit of q?
1
Suppose 1 + 53 = 4*b + 2*h, b - 14 = -h. What is the units digit of b?
3
Suppose 0 = 5*o + 2*r + 58, -r - 10 = -5*o - 56. What is the units digit of (10/4)/(-5)*o?
5
Suppose 2*j - 10 = 4*o, 0 + 3 = 2*j + 3*o. What is the units digit of j?
3
Let d(o) = 1 - 6*o + 4*o + 3. Let t be d(3). Let k = 6 + t. What is the units digit of k?
4
Let h(x) = -x**2 + 13. Let p be h(-4). Let j(i) = 8*i - 2. Let b be j(-2). Let d = p - b. What is the tens digit of d?
1
Suppose 19 = 4*z - 5*n, 8 = 3*z - 5*n - 0*n. What is the units digit of z?
1
Let o = -4 + 0. Suppose 3*z - 60 = 4*p, z - 3*z - 3*p = -23. Let a = o + z. What is the tens digit of a?
1
Let y(v) be the first derivative of v**3/3 - 11*v**2/2 + 4*v + 5. Let a be y(10). What is the units digit of (-9)/a - (-2)/4?
2
Let n = 33 - -11. Suppose 2*r = -2*k - 8 + 32, 5*k - 3*r = n. Let j = 2 + k. What is the units digit of j?
2
Let a = 3 - 7. Let b(p) = p**3 + 5*p**2 + 4*p + 3. What is the units digit of b(a)?
3
Suppose -2*s = -4*s. Let w be s + (1 - (-2 - -1)). Suppose -n + 20 = 3*j, j - w*n + 5 = -0. What is the units digit of j?
5
Suppose 10*q = 9*q + 52. What is the units digit of q?
2
Suppose -35 = -4*t + 57. Suppose 3*n = 101 - t. What is the units digit of n?
6
Let q be 2*(-4 + -3)*1. What is the units digit of 0/(-2) + 0 - q?
4
What is the hundreds digit of 189 + 0 + (2 - 3)?
1
Let x(o) = o + 5. What is the units digit of x(15)?
0
Let u(h) = 4*h - 4. Let v be u(3). Suppose 22*y = 23*y - 12. Let a = y + v. What is the units digit of a?
0
Let k = -1 + -2. Let o = 8 + k. What is the units digit of o?
5
Let m(u) = -u**3 + 5. Let w be m(0). Suppose -w*r = 3*y - 63, -2*r - 10 = -4*r - 5*y. What is the units digit of r?
5
Let b = 22 + -48. What is the units digit of (-2)/(-6)*6 - b?
8
Let t(x) = -x - 20*x**3 + 0 - 1 + 0. Let n be t(-1). Suppose u + n = 6*u. What is the units digit of u?
4
Suppose 0*r = -3*r - 2*p + 24, 0 = -5*p. Suppose -3 = -z + r. What is the tens digit of z?
1
Let b(m) = 2*m**2 - 7*m - 9. What is the tens digit of b(7)?
4
Let q = 1 - -2. Suppose q*k + 8 = 5*k. What is the units digit of k/(-1) - -1 - -10?
7
What is the tens digit of 1 - 1 - (-12 - 6)?
1
Suppose 3*h - 94 = 17. What is the units digit of h?
7
Let j be (-3)/6*2*-5. Let m = 8 - 4. Suppose -r - m = -j*r. What is the units digit of r?
1
Suppose -r - 26 = -4*g - 3*r, 4*r = -3*g + 22. Suppose g*q - 3*q - 24 = 0. What is the units digit of q?
8
Let z(g) = 6*g - 11. What is the tens digit of z(12)?
6
What is the units digit of ((-5)/(-2))/(11/132)?
0
What is the units digit of 46/6 - 1/(-3)?
8
Suppose 5*n = 397 + 23. What is the tens digit of n?
8
Suppose -20 = 5*o + k, -2*o - 4*k - 23 = -o. Let n = o + 23. What is the units digit of n?
0
Suppose 0 = 5*t + 2*h - 89, t = -3*h + 40 - 17. Suppose -8*y + 9*y + 4 = 0. Let n = t + y. What is the tens digit of n?
1
Suppose -2*q = 4*j + 48, -4*j + q + 26 = 86. Let f = j + 28. What is the units digit of f?
4
Suppose 3*q - 11 + 1 = 4*n, 0 = 2*q - 5*n - 2. What is the units digit of q?
6
Let r be 30/(-6)*(-17 + 1). Let i = r + -56. What is the tens digit of i?
2
Let y(k) = -k**2 + 6*k + 3. Let l be y(7). Let c(n) = -n**2 + 7*n - 2. Let a be c(6). What is the units digit of (a/(-6))/(l/18)?
3
Let w = 8 - 4. Suppose k = w - 1. What is the units digit of (-20)/(-3) + (-2)/k?
6
Let j = 84 - 68. What is the tens digit of j?
1
Let s(b) = b**3 - 8*b**2 + 2*b - 3. Let l be 11 + 5/((-15)/9). What is the units digit of s(l)?
3
Suppose 12 = 3*l - 2*b, -l - 6 = 4*b + 4. What is the tens digit of 1240/72 - l/9?
1
Let b = 3 - -1. Let h(i) = b - 2*i - 6 + 0*i. What is the units digit of h(-5)?
8
Let u be (8/20)/((-1)/(-30)). Let y be u/9*3 - -2. What is the tens digit of (112/(-12))/((-4)/y)?
1
Suppose 0 = 5*c + t - 365, -2*c - 2*t = t - 146. What is the tens digit of c?
7
Let c = -11 - -17. What is the units digit of c?
6
Let f = -192 + 337. What is the tens digit of f?
4
Let h(u) = -u**2 - 10*u - 9. Let x be h(-8). Let o(s) = 2*s - 6. What is the units digit of o(x)?
8
Let l(j) = 10*j**2 - j + 6. What is the tens digit of l(-3)?
9
Suppose 0 = -6*l - l. Suppose l*p + 6*p = 330. What is the units digit of p?
5
Let f(c) be the first derivative of c**2 - 10*c + 4. What is the units digit of f(9)?
8
Suppose 3*m + 1 - 10 = 0. What is the units digit of ((-20)/(-2))/(m - 2)?
0
Let l be 2/(-3) + 3